 7*o + 62. Let q(g) = 3*f(g) - 4*n(g). What is the tens digit of q(8)?
2
Let u be 402219/405 - 4/30. Suppose 3*h = 42 + u. What is the tens digit of h?
4
Suppose -72*a = 64*a - 194616. What is the hundreds digit of a?
4
Suppose -3266 = -3*s - 5*i, 5*s - i + 4*i - 5454 = 0. What is the units digit of s?
2
Suppose s + 3*s = -16. Suppose 0 = 12*f - f. What is the units digit of (-14)/(s - (f + -3))?
4
Let g = -2403 + 4183. Suppose m + 744 = 3*o - 1912, 0 = -2*o - 4*m + g. What is the hundreds digit of o?
8
Suppose -90*o + 270297 + 167868 - 80325 = 0. What is the hundreds digit of o?
9
Let l = -3 + 479. Suppose -2*g = 2*o - 0*o - l, 5*g - 1187 = -2*o. What is the tens digit of g?
3
Let v = 1889 - 723. Let j = -413 + v. What is the hundreds digit of j?
7
What is the units digit of 4*(-1)/8*-25882?
1
Suppose 56024 + 109133 = 5*a - 9*t, 2*t = 3*a - 99067. What is the units digit of a?
7
Let p = 66 + -64. Suppose 2*i - p*k = 22, -4*i - 6*k = -11*k - 41. What is the units digit of ((-434)/(-5))/(i/35)?
7
Let m(a) = 3*a + 31. Let w be m(-10). Let f be w*-2*(-35)/21*69. What is the units digit of -4 + f/(1 - -4)?
2
Let f = -10758 + 15274. What is the hundreds digit of f?
5
Let t be (-43)/(((-2)/(-15))/((-2)/(-3))). Let b = -139 - t. Suppose 75*a - b*a = -101. What is the hundreds digit of a?
1
Suppose a - 2*y = 87068, 1525*a - 4*y = 1530*a - 435438. What is the tens digit of a?
8
Let k = -2008 - -2013. Let h(i) be the first derivative of i**3 - 2. What is the tens digit of h(k)?
7
Let x = -19623 + 37812. What is the thousands digit of x?
8
Let x(l) = -2*l**2 + 11*l + 12. Let h be x(6). Let u be h/(-2*15/20). What is the hundreds digit of 107 + -3*u/4?
1
Let c = 1097 + 2321. What is the tens digit of c?
1
Suppose 68*m + 131050 = 48*m + 45*m. What is the thousands digit of m?
5
Let f(z) = z**2 - z - 2. Let x be f(3). Suppose -x*j = -2 + 2. Suppose -9*g + 933 + 462 = j. What is the units digit of g?
5
Suppose 5*q + 49 - 4 = 4*l, 5*q + 20 = -l. Suppose 3*g = l*d + 2051, 2692 = 10*g - 6*g + 4*d. What is the hundreds digit of g?
6
Suppose -3*b = 4*o - 0*o - 421, 0 = o + b - 105. Suppose 13 = 5*a - 4*i - 0*i, -4*a = -3*i - 11. Suppose a*v - o = 199. What is the tens digit of v?
6
What is the ten thousands digit of 32/12 - (-2270720)/96?
2
Let v(y) = 2742*y**2 - 4. What is the tens digit of v(1)?
3
Let i = -3305 - -4415. What is the tens digit of i?
1
Let b(a) be the second derivative of a**5/20 - 5*a**4/3 - 5*a**3/6 + 67*a**2/2 + 2*a - 32. What is the hundreds digit of b(22)?
9
Let n = -1626 - -160. Let v = -737 - n. What is the units digit of v?
9
Let l(y) = 4*y**3 - y**2 + 11*y - 6. Let j be l(6). Suppose -4*r + 3352 = j. Suppose r = 14*c + 84. What is the tens digit of c?
3
Let c = 338 - 241. Let u(o) = -8*o**2 + 311*o + 9. Let f be u(39). Let r = f + c. What is the tens digit of r?
6
Suppose 0 = -12*x + 4*x + 4240. Let z = x - 155. Suppose 0 = -4*w - w + z. What is the units digit of w?
5
Let u = -13846 + 24088. What is the thousands digit of u?
0
Let d = -286 - -329. Let c = 3 + d. What is the tens digit of c?
4
Let l = 92 - 95. Let v = -122 + 42. What is the tens digit of (0 + 0 - l/(-2))*v?
2
Let u = 6924 + -3704. Suppose -23*h + u = -7981. What is the units digit of h?
7
Suppose 3*t - 5*z - 118690 = 0, 6*t - 9*t - 4*z = -118726. What is the thousands digit of t?
9
Let k(h) be the first derivative of -h**4/4 + 16*h**3/3 + 11*h - 53. What is the tens digit of k(6)?
7
Suppose -555*l + 3*b + 23020 = -553*l, 4*l = -3*b + 46022. What is the hundreds digit of l?
5
Suppose -21205 = -8*o + 21691. What is the thousands digit of o?
5
Suppose -8*q + 4*q = -780. Let w(t) = 12*t - 213. Let c be w(25). Let a = q - c. What is the tens digit of a?
0
Suppose 21*l = 26*l. Suppose -600 = -5*m - j, m - 5*m + 3*j + 461 = l. What is the hundreds digit of m?
1
Let n(q) = 245*q**2 + 60*q + 16. What is the hundreds digit of n(-8)?
2
Let c be (-37558)/16 + 279/744. Let g = 3413 + c. What is the thousands digit of g?
1
Let q(c) = 108*c + 106. Let a be q(-37). Let n = a - -5466. What is the hundreds digit of n?
5
Let i(g) = 108*g**3 - 3*g - 3. Let b be i(-1). Let n = -118 - b. What is the hundreds digit of 3933/21 + n/35?
1
What is the thousands digit of (-7065923)/(-1351) - (-2)/(-14)?
5
Suppose 3192 = -8*u - 480. Let b = 649 - 1323. Let k = u - b. What is the units digit of k?
5
What is the thousands digit of -95 + 31746 - 8*(2/(-1) + 3)?
1
Suppose -5*j + 338 = -4*l - 738, -4*j + 828 = 5*l. Suppose -j = -2*w + 580. Suppose 5*k - w = 4*z - 6*z, 3*z = 9. What is the tens digit of k?
7
Suppose 0 = -p + 4*d + d + 25, 4*d = 5*p - 41. Suppose 5*k - 849 = 4*c - 3630, -p*k = -15. What is the tens digit of c?
9
Let p be 1/4 + 252/16. Suppose -4*i - 4 = 0, 3*t - p = 5*i - i. Suppose -x + 28 = 2*v - 5*x, -22 = -3*v - t*x. What is the tens digit of v?
1
Let d be 0/(-9*(-9)/81). Suppose 12*i - 18*i + 10986 = d. What is the tens digit of i?
3
Let u be (12/15)/((-4)/(-20)*2). Suppose 2*z - u = -10. What is the units digit of (z/(-4))/(-1 - 152/(-148))?
7
Let t(y) = -2*y**2 - 9*y + 3*y**2 + 1 - 6*y. Let c be t(15). What is the tens digit of c + -4 + 711/9?
7
Let g = 23653 + -6796. What is the ten thousands digit of g?
1
Let j(l) = -10 + 2 + l - 1 + l**2. Let r(d) = -3*d + 53. Let h be r(15). What is the tens digit of j(h)?
6
Let c be 64/(-40)*((-1197)/6 - -2). Let w = c + -129. What is the tens digit of w?
8
Suppose 0 = -4*h + 3*p + 4473, 0 = -3*h + 4*p - 9*p + 3333. Suppose 5*j - 629 = h. What is the hundreds digit of j?
3
Let m(l) = l**2 + 5*l - 16. Let o be m(-7). Let d(c) = 177*c**2 + 9*c - 152*c**2 + 3 - 5*c. What is the units digit of d(o)?
5
Let g = 400 - 721. Let x = g + 169. Let q = -98 - x. What is the units digit of q?
4
Suppose -19*f + 14*f = -7*f. Suppose -12*n + 2*y = -9*n - 1003, f = 3*n + 3*y - 1023. What is the hundreds digit of n?
3
Suppose 10*j - 313034 = -2*v, -4*j - v = -176075 + 50861. What is the units digit of j?
3
Suppose -3*k - 4*p - p = -121, p = 3*k - 127. Let i = 263 + k. What is the units digit of i?
5
Suppose -2*w + 52915 = 5*s, -4*s - 5*w + 56977 = 14645. What is the thousands digit of s?
0
Suppose 59 = 3*a - 16. Suppose -l = -5, -2*l = f + 2*l - a. Suppose f*v - 54 - 156 = 0. What is the units digit of v?
2
Let y be 1*(0/(-5))/(2/1). Suppose y = -8*j - j + 6102. What is the hundreds digit of j?
6
Suppose -10*j + l + 71582 = 0, -168*j + 164*j - 5*l + 28622 = 0. What is the hundreds digit of j?
1
Let f be (-36)/24*-4*1/(-2). What is the units digit of (-1 + (-4466)/(-6))/((-2)/f)?
5
Let f be -5 + (-111)/(-21) + (-4)/14. Suppose -10*t - 1708 + 5188 = f. Suppose 43*b - 46*b = -t. What is the hundreds digit of b?
1
Let h(k) = k**2 + 3*k - 16. Let w be h(3). Let d be ((22 + 0)/1)/(w/23). Let i = d - 156. What is the units digit of i?
7
Let u(o) = 1418*o**3 + 8*o**2 - 5*o - 2. What is the hundreds digit of u(2)?
3
Let w = 5903 - 4157. Let h = w - 701. What is the tens digit of h?
4
Let z = 57709 + -38284. What is the thousands digit of z?
9
Let f(w) = -36*w + 38. Suppose -a + 12 = 21. What is the tens digit of f(a)?
6
Suppose -16 = -v + 4*n, 3*v + n - 9 = -0*n. Let j be (-4)/(-10) + (-928)/145. What is the units digit of 128/j*(-9)/v?
8
Suppose 3*f - 92 = -1355. Let s = 266 + f. Let l = 236 + s. What is the tens digit of l?
8
Let q(z) = -z**3 + 4*z**2 - 18*z - 33. Let n be q(9). Let x = n + 855. What is the tens digit of x?
5
Let r = -2716 + 6259. What is the hundreds digit of r?
5
Suppose 6 = 12*s - 18. Suppose 2*n + n = 5*q + 11, -s*n - 3*q = -1. Suppose -n*w + 8 = 0, -2*a + 2*w = 6*w - 50. What is the units digit of a?
7
Let g = -23 + 27. What is the hundreds digit of (-3)/g*(-1046 - 60/10)?
7
Let p(t) = 7*t**2 + 26*t + 1231. What is the tens digit of p(-62)?
2
Let u be -1 - (-2 + 4 - 2). Let r be -3 - (-45)/5*(-7)/u. Let m = r - 8. What is the units digit of m?
2
Let g(n) = -202 + 68 - 5*n + 105 + 67. What is the tens digit of g(-15)?
1
Suppose 0 = n - 3, -q + 4*n - 15 = 2. What is the hundreds digit of q/2*(-11)/(110/1044)?
2
Let y(q) = q + 50. Suppose 5*t + 4*j = -0*t + 95, -2*j = 4*t - 76. What is the tens digit of y(t)?
6
Let z = -20529 - -29398. What is the thousands digit of z?
8
Let f(g) = -3*g**2 - 3*g + 6. Let v(i) = -i**2 + 5*i + 10. Let d be v(7). Le